 -n**3 - 13*n**2 + 10*n - 36. Give h(-14).
20
Let o(f) = -f**2 - 8*f - 12. What is o(-6)?
0
Let h(d) = d**3 - 17*d**2 + 14*d + 28. Determine h(16).
-4
Let t(n) = 26*n + 7. Calculate t(-1).
-19
Let p(l) = -3*l**2 + 4*l - 4. Determine p(1).
-3
Let z(k) = -k**3 + 14*k**2 + 17*k - 30. What is z(15)?
0
Let s(k) = -k**3 - 6*k**2 + 3*k + 16. What is s(-7)?
44
Let f(h) = 11*h + 12. Give f(-2).
-10
Let a(k) = k**3 - 9*k**2 + 10*k - 11. What is a(8)?
5
Let u(s) = -41*s**2 + 2*s - 2. Determine u(1).
-41
Let o(v) = v**2 + 2*v - 7. What is o(-5)?
8
Let p(g) = g**3 - 2*g**2 - 2*g + 5. Determine p(-4).
-83
Let x(p) = 15*p + 94. Give x(-6).
4
Let j(n) = -7*n - 23. Determine j(-6).
19
Let y(f) = -f**2 - 9*f - 17. What is y(-8)?
-9
Let s(f) = -2*f**3 - 18*f**2 + 20*f - 12. What is s(-10)?
-12
Let j(b) = 4*b**2 - 12*b + 1. Give j(5).
41
Let z(i) = -i**2 + 16*i - 41. What is z(10)?
19
Let s(o) = -o**2 - 15*o - 11. What is s(-15)?
-11
Let d(b) = b**3 - 11*b**2 - 15*b + 27. What is d(12)?
-9
Let i(s) = -3*s - 57. Give i(-17).
-6
Let q(v) = -v**3 + 9*v**2 - 7*v - 8. Calculate q(8).
0
Let g(s) = 3*s - 34. Give g(-4).
-46
Let a(i) = -i**3 - 6*i**2 - 2*i + 8. Determine a(-5).
-7
Let y(a) = a + 13. Calculate y(-23).
-10
Let f(n) = -n**2 + 8*n - 5. What is f(5)?
10
Let q(u) = u**2 - u + 23. Determine q(0).
23
Let z(d) = -2*d**2 + 3*d - 1. Give z(2).
-3
Let x(u) = -3*u + 12. Give x(6).
-6
Let t(h) = -h**3 + 3*h**2 + 2*h - 5. What is t(4)?
-13
Let f(k) = 2*k - 32. Calculate f(13).
-6
Let z(t) = 12*t - 23. Determine z(10).
97
Let z(d) = -d**3 - 5*d**2 + 4*d - 5. Calculate z(-4).
-37
Let f(i) = 2*i**2 + 10*i + 8. Give f(5).
108
Let n(y) = -2*y**3 + 14*y**2 - 13*y + 2. Calculate n(6).
-4
Let h(w) = -w**2 - 27*w - 99. Give h(-23).
-7
Let i(m) = -8*m**3 + 6*m - 4. Give i(1).
-6
Let a(m) = 2*m + 13. Determine a(-11).
-9
Let i(m) = -m**3 - 7*m**2 + 28*m - 14. What is i(-10)?
6
Let q(f) = f**3 + 6*f**2 + 5*f + 14. Determine q(-5).
14
Let v(h) = -h**3 + 7*h**2 - 8*h + 6. Give v(5).
16
Let x(d) = -d**2 - 17*d + 21. Give x(-17).
21
Let i(w) = -3*w**2 + 2*w - 6. What is i(3)?
-27
Let k(m) = -m + 74. Give k(29).
45
Let c(r) = 87*r - 15. Determine c(2).
159
Let y(l) = l**3 + 10*l**2 + 4*l - 10. What is y(-9)?
35
Let b(r) = r**3 - 20*r**2 - 17*r - 23. Give b(21).
61
Let z(y) = 61*y**3. Give z(-1).
-61
Let r(n) = -n**3 + 10*n**2 - 6*n + 12. Calculate r(9).
39
Let l(z) = 6*z + 27. Give l(-6).
-9
Let q(n) = -3*n + 24. Calculate q(7).
3
Let w(q) = q**2 + 17*q + 14. What is w(-12)?
-46
Let p(k) = -k**3 - 18*k**2 + 63*k - 15. Determine p(-21).
-15
Let p(r) = -3*r**2. Calculate p(-2).
-12
Let t(p) = -p + 14. Give t(7).
7
Let q(h) = -h**2 + 9*h + 17. Give q(13).
-35
Let z(y) = y**3 - 5*y**2 + y + 5. What is z(4)?
-7
Let o(p) = -p**2 - 6*p + 3. Determine o(-6).
3
Let q(s) = -s**3 - 5*s**2 - 14*s - 72. Determine q(-5).
-2
Let f(a) = a + 7. Determine f(-19).
-12
Let v(z) = 8*z + 74. What is v(-9)?
2
Let c(t) = -19*t**3 - t**2 + t. Calculate c(1).
-19
Let d(t) = -4*t - 46. Calculate d(-13).
6
Let a(u) = u**2 + u - 4. Give a(6).
38
Let x(t) = 7*t - 1. Determine x(1).
6
Let y(z) = -z**3 + 10*z**2 + 23*z + 14. Give y(12).
2
Let v(a) = 8*a - 3. Calculate v(3).
21
Let d(j) = 3*j**3 + 2*j**2. Give d(1).
5
Let a(y) = 14*y - 8. Calculate a(1).
6
Let y(d) = d**2 - 11*d + 7. Calculate y(7).
-21
Let o(i) = 8*i**2 + 67*i + 14. Calculate o(-8).
-10
Let y(n) = 7*n**2 - 3*n + 3. Determine y(2).
25
Let s(q) = 6*q - 40. Give s(4).
-16
Let a(x) = 32*x**3 - x**2 - x + 1. What is a(1)?
31
Let t(z) = 2*z**3 - 111*z**2 + 53*z + 105. What is t(55)?
-5
Let g(i) = i + 2. Calculate g(1).
3
Let x(a) = -a**3 - 11*a**2 - 9*a + 4. What is x(-10)?
-6
Let f(n) = n**2 - 3*n. What is f(4)?
4
Let g(u) = -3*u - 9. Calculate g(-4).
3
Let f(s) = -s**2 + 13*s + 95. What is f(18)?
5
Let b(n) = -n**3 + 2*n**2 + 44*n - 14. What is b(-6)?
10
Let i(z) = z**2 + 2*z - 1. Calculate i(-4).
7
Let h(x) = -19*x - 20. Give h(-1).
-1
Let w(h) = h - 19. Calculate w(10).
-9
Let m(b) = b**3 - 23*b**2 - 27*b + 79. Calculate m(24).
7
Let b(k) = k**2 - 15*k + 55. Determine b(7).
-1
Let j(g) = -g + 15. What is j(9)?
6
Let a(r) = -15*r - 17. Calculate a(-3).
28
Let m(f) = -9*f. What is m(1)?
-9
Let p(g) = -10*g + 66. Calculate p(7).
-4
Let a(n) = 5*n - 19. Calculate a(3).
-4
Let x(y) = y**3 + 2*y**2 - 22*y - 6. Determine x(-6).
-18
Let n(s) = s**3 - 5*s**2 - 12*s - 10. Determine n(7).
4
Let i(l) = -l**2 - 15*l - 71. Determine i(-11).
-27
Let o(d) = -d**3 + 14*d**2 + 15*d + 20. What is o(15)?
20
Let x(h) = -7*h + 1. Determine x(7).
-48
Let i(a) = -2*a**3 + 118*a**2 - 114*a - 116. Calculate i(58).
0
Let k(l) = l**2 + 27*l + 101. Calculate k(-19).
-51
Let d(i) = -7*i - 48. Calculate d(-6).
-6
Let b(n) = -11*n + 3. Give b(2).
-19
Let c(g) = 15*g**3 - 2*g**2 + 1. Calculate c(1).
14
Let c(v) = -49*v - 340. What is c(-7)?
3
Let r(a) = a - 22. Give r(3).
-19
Let k(f) = 12*f**2 - f + 1. Determine k(1).
12
Let s(n) = -2*n**2 + 55*n - 311. Determine s(8).
1
Let s(m) = -m**3 + 7*m**2 - 10*m + 16. What is s(5)?
16
Let l(b) = 2*b + 40. Calculate l(-16).
8
Let k(x) = 3*x - 17. Calculate k(5).
-2
Let l(z) = -5*z**2 + 4*z. Give l(3).
-33
Let y(c) = 5*c + 5. What is y(-9)?
-40
Let o(w) = -15*w - 33. Calculate o(-3).
12
Let r(a) = -a**2 + 119*a - 683. Give r(6).
-5
Let c(a) = 4*a + 8. Determine c(3).
20
Let w(j) = -4*j + 2. Give w(0).
2
Let s(i) = 47*i - 323. Calculate s(7).
6
Let u(a) = -a**2 - 9*a - 17. Give u(-5).
3
Let r(p) = p**3 - 9*p**2 - 3*p + 19. What is r(9)?
-8
Let i(l) = -l**3 + 7*l**2 - l - 2. Give i(7).
-9
Let i(s) = -2*s**3 - s**2 - 2*s + 3. Give i(-4).
123
Let i(t) = -6*t - 21. Determine i(-11).
45
Let w(b) = b**2 + 6*b - 1. Determine w(-7).
6
Let p(y) = -6*y - 277. Determine p(-45).
-7
Let t(c) = -3*c + 111. Calculate t(30).
21
Let c(q) = -q**2 - 18*q + 278. Calculate c(-28).
-2
Let j(v) = -2*v**2 + 11*v + 4. Determine j(7).
-17
Let j(k) = -18*k**2 - 4*k - 3. What is j(-2)?
-67
Let p(u) = -8*u - 16. Give p(-5).
24
Let m(g) = -g - 4. Determine m(6).
-10
Let b(f) = 5*f - 2. Determine b(-2).
-12
Let u(a) = 3*a + 37. What is u(7)?
58
Let h(j) = -j**3 - 7*j**2 + 4*j - 18. Calculate h(-8).
14
Let z(r) = -r**3 - 8*r**2 - 12*r - 5. Calculate z(-3).
-14
Let f(x) = x**2 - 12*x + 17. Calculate f(7).
-18
Let m(f) = 2*f**2 - f + 15. Calculate m(5).
60
Let n(a) = a**2 - 10*a + 10. Determine n(7).
-11
Let p(g) = g**2 - 62*g - 630. What is p(-9)?
9
Let v(n) = 5*n**3 - 11*n**2 + 3*n + 1. Give v(2).
3
Let g(u) = -20*u - 1. Determine g(-3).
59
Let n(u) = -u + 17. Give n(-13).
30
Let i(l) = 5*l**2 - 12*l - 14. Calculate i(-1).
3
Let s(r) = r - 45. What is s(17)?
-28
Let q(m) = -m**3 - 8*m**2 + 11*m + 17. Give q(-9).
-1
Let d(x) = x**3 + 8*x**2 + 11*x - 3. Give d(-4).
17
Let c(v) = 5*v + 17. What is c(-4)?
-3
Let u(m) = 2*m**2 - 6*m - 6. Calculate u(6).
30
Let p(x) = x**3 + 5*x**2 + x + 1. What is p(-3)?
16
Let n(i) = -i**2 - 34*i - 279. Give n(-21).
-6
Let m(x) = x**2 - 2*x - 2. What is m(-1)?
1
Let o(k) = -k**3 + k**2 + 32. Calculate o(0).
32
Let d(m) = 2*m - 8. Calculate d(5).
2
Let j(n) = n**3 - 4*n**2 + 2*n - 1. Determine j(3).
-4
Let f(h) = h**2 + 4*h - 2. Determine f(-9).
43
Let p(u) = u - 7. Calculate p(-13).
-20
Let p(q) = q**2 + 11*q + 5. What is p(-9)?
-13
Let t(o) = -o**3 - 3*o**2 + o - 8. Determine t(0).
-8
Let u(h) = -h**2 + 14*h - 2. Determine u(13).
11
Let t(l) = -3*l**3 - 3*l**2 + l + 2. Calculate t(-3).
53
Let a(v) = -v**2 + v + 24. Calculate a(0).
24
Let w(d) = -d**3 - 9*d**2 + 10*d + 13. Calculate w(-10).
13
Let n(i) = 38*i - 5. Determine n(4).
147
Let m(q) = q**3 - q**2 - q - 2. Give m(3).
13
Let h(c) = -c**2 + c - 5. Calculate h(5).
-25
Let m(w) = -w**2 - 2*w + 522. Give m(-24).
-6
Let v(m) = m**3 + 14*m**2 - 20*m + 13. Give v(-15).
88
Let p(o) = -18*o. Determine p(-1).
18
Let m(l) = -l**3 + l**2 + 3*l + 1. Give m(-2).
7
Let p(h) = h**3 + 3*h**2 + 3*h - 3. Give p(-4).
-31
Let l(z) = z**3 + 6*z**2 - 2*z. Determine l(-6).
12
Let x(b) = -3*b - 7. Determine x(6).
-25
Let o(u) = -u**3 + 7*u**2 + u + 2. Give o(7).
9
Let z(c) = -49*c**3 + 2*c**2 + 4*c + 3. Determine z(-1).
50
Let f(a) = -a**3 - 7*a**2 - 2*a + 2. Give f(-6).
-22
Let v(b) = b**3 - 8*b**2 + 4*b - 45. What is v(8)?
-13
Let l(b) = -b**2 - 5*b + 3. Determine l(-4).
7
Let o(s) = 6*s**2 - 2*s + 3. Calcu